).
14
Let u(l) = 28 + 3*l - 30 + l. Give u(4).
14
Let b be 0 - (-8 + 5 - -1). Let c(k) = -k + 2. Let r(z) = 4*z - 5. Let f(x) = 11*c(x) + 4*r(x). Give f(b).
12
Let a(j) = 2*j + 14. Let f(k) = 9*k + 79. Let p be f(-10). Give a(p).
-8
Let h(a) = -3*a**2 + 2*a**2 + 2 - 2*a**2 - a**2 + 2*a. Suppose -6 = -27*n + 24*n. Give h(n).
-10
Let v(y) = y**3 + y**2 - 3*y - 1. Let c = 190 - 193. Calculate v(c).
-10
Suppose -2*c - 3*c - 4*v + 68 = 0, -5*v - 63 = -3*c. Let f(g) = g**3 - 15*g**2 - 17*g + 16. Give f(c).
0
Suppose -3*s = 3*y - 12, 6 = 2*s + 5*y - 8. Let v(p) = 8*p + p**s - 3*p + 1 - 4 - 2*p. Give v(-5).
7
Let o(p) = -p**2 + 9*p + 5. Let r(x) = x**2 - 9*x - 4. Let z(l) = -6*o(l) - 5*r(l). Let a be z(11). Let f(k) = -15 + 19 + k - a. What is f(6)?
-2
Let s(o) = -o. Let u be 0*(4 - (-11)/(-3)). Let i be u + (-2)/(-4) + (-119)/(-34). Give s(i).
-4
Let f(j) = -2*j**2 + 5*j**2 - 1 + 4*j - j**3 + 0*j**2 - 2. Let g(l) be the second derivative of -l**4/12 + 3*l**2/2 - 6*l. Let i be g(0). Determine f(i).
9
Suppose -2*n + 5*t = 13, 4*t - 3*t = 5. Let b(m) = -7 + 1 + 6 + 1 + n*m. Calculate b(-1).
-5
Suppose 3*w = -w. Let l(k) = 9*k**2 + 107*k - 10. Let i be l(-12). Let a(f) = -f + 0 - 1 + w*f + i. Give a(1).
0
Suppose f = -2*o + 3, -4*o - 2*f - f = -11. Let d(h) = -17*h - 3. Give d(o).
14
Suppose -5*y + 5*c + 20 = 0, -3*y - 3*c - c = 37. Let a(f) = 3*f**2 + 2*f - 4*f - 4*f**2. Determine a(y).
-3
Suppose -j + 4 + 16 = 5*r, -2*r + j = -1. Let a(w) = -6*w + r - 2 - 3. Calculate a(2).
-14
Let z(n) = 6*n**3 + 12*n**2 - 14*n - 7. Let t(j) = 7*j**3 + 13*j**2 - 16*j - 7. Let w(f) = 5*t(f) - 6*z(f). What is w(-7)?
-21
Let j(x) = -x + 5. Suppose 2*z + 36 = 2*r, -27 = 2*r - z - 65. Suppose 0 = 5*n - 2*n + 4*c - r, 4*c = 20. Determine j(n).
5
Let c = 247 - 236. Let y(p) = -p + 20. Calculate y(c).
9
Let b(g) = -g**3 - 2*g**2 - 2*g. Let v be b(-2). Let q(f) be the first derivative of f**2 + 2*f - 213. Calculate q(v).
10
Let z be 34/(-12) + 4/(-24). Let o(y) be the first derivative of -y**5/120 - 7*y**4/24 + y**3/3 + 6. Let n(f) be the third derivative of o(f). What is n(z)?
-4
Let l(f) = -2*f - 2. Let c(n) = -9*n - 2. Let r be c(-4). Suppose -465 = 6*t + 9*t. Let u = t + r. Give l(u).
-8
Let x(s) = -s**2 + 4*s - 1. Let z(d) = -2*d**2 + 26*d + 6. Suppose 6*l - 8*l = -26. Let m be z(l). Give x(m).
-13
Let r(p) = 5*p + p + 3*p**2 - 4*p**2 + 3*p. What is r(10)?
-10
Let x = 7 + 9. Suppose 4*s + x = 3*s. Let b = -17 - s. Let p(g) = -15*g**3. What is p(b)?
15
Let h(f) = -8*f + 3. Let a = -52 + 67. Suppose 11*d - 16*d + a = 0. Give h(d).
-21
Let s(a) = 2*a**2 + 5*a - 3. Suppose 0 = -5*n + 2*b - 8 - 17, n + 5 = 2*b. Give s(n).
22
Let i(f) be the third derivative of -f**5/60 + 5*f**4/12 - 5*f**3/2 + 2*f**2 + 2. Determine i(10).
-15
Let p(s) = s**2 + 6*s + 1. Let c = 6 - 9. Let i(l) = l**2 + l - 2. Let a be i(c). Suppose -a*y - 6 - 18 = 0. Calculate p(y).
1
Let i(v) = 3*v - 2. Let y = -19 - -22. Let x be i(y). Let m(q) = -q**3 + 8*q**2 - 6*q - 9. What is m(x)?
-2
Let s(f) = -f**2 + 13*f - 3. Let x(o) = o**2 - 12*o + 2. Let d(h) = -6*s(h) - 7*x(h). Give d(6).
4
Let x(l) be the second derivative of l**7/2520 + l**6/72 + 7*l**5/120 - 3*l**4/4 + 14*l. Let b(t) be the third derivative of x(t). Determine b(-8).
-9
Let z(h) = h + 1. Let l(g) be the first derivative of -g**2 - 4*g - 1. Let w(r) = -l(r) - 3*z(r). Determine w(7).
-6
Let g = 3 - -3. Suppose 12 = 11*s - 10. Let h(r) = -g*r**s + 3*r**2 - 9*r + r**3 + 4*r - 2. Give h(4).
-6
Let u(d) = 5*d - 2*d + 2*d + 0*d + d**2 + 1. Suppose 0 = -2*f - 74 - 0. Let m = f - -31. Determine u(m).
7
Let f be (396/(-264))/(3/4). Let d(c) = c + c + 2*c**2 + 1 - 2. What is d(f)?
3
Let u(w) = 3*w - 5. Let a(d) = -2*d + 3. Let c(x) = 5*a(x) + 3*u(x). Let v be 3/(-4) + 117/12. Suppose -2*f - v = -1. Calculate c(f).
4
Suppose -211*v = -205*v + 18. Let i(z) = z**3 - 8*z - 4. Calculate i(v).
-7
Let z(m) be the second derivative of -m**5/4 - m**4/6 + m**2/2 + 2*m. Let g(i) = i**3 + 12*i**2 + 3*i + 35. Let l be g(-12). Calculate z(l).
4
Let i(y) = 7*y**2 + 15*y + 9. Let g(b) = 11*b**2 + 23*b + 14. Let p(v) = 5*g(v) - 8*i(v). Let f = -19076 - -19073. Calculate p(f).
4
Let b(n) = -n**2 - n + 1. Suppose 0*y + 4*y + 4 = 2*g, -g + y = -1. Determine b(g).
1
Let w(l) = -l - 2. Let u be w(2). Let a be 1/4 - 135/(-36). Let m(k) = -5 + a*k**2 - k**2 + k**3 - 5*k + 0. Calculate m(u).
-1
Let q(p) = -p + 7. Let r be q(5). Let h(u) = u**r + 0 + 2 - 11*u + 3*u. Determine h(4).
-14
Let o(y) be the first derivative of 4*y**2 + 7*y + 3. Let v be o(3). Let k be (-7)/(-35) + v/(-5). Let m(q) = -q**2 - 8*q - 8. What is m(k)?
4
Let r(h) = h**3 - 2*h**2 - h - 3. Let q be r(3). Let l(c) = 18*c**3 - 8*c**3 + 3*c + q - 3*c**2 + c**2 - 12*c**3. Give l(-2).
5
Let u(p) = 3*p - 50. Let q(c) be the first derivative of c**2/2 - 17*c + 12. Let h(t) = 11*q(t) - 4*u(t). Calculate h(8).
5
Let z(s) = s**3 + 5*s**2 + 7*s + 5. Let w = 52 + -31. Suppose 4*g - 149 + w = 0. Let y = g + -36. Determine z(y).
-7
Let y(u) = -u**3 - 8*u**2 + 8*u + 5. Let l be y(-9). Suppose 2*c = 2*q - l, -2*c - 3 = q - 4. Let a(v) = 4*v**3 + 2*v**2 - v - 2. Calculate a(c).
-24
Suppose 2*y - 6*y = -4. Suppose 0 = d + 2*n - 10, -5*d + 2*n + 1 = -y. Let m(g) = -5*g**d - 5 - g**3 - g**2 + 2*g**2 + 0*g**2. What is m(-4)?
-5
Let l(n) be the first derivative of 1/6*n**3 - 1/3*n**4 + 1/20*n**5 - 3/2*n**2 + 9 + 7*n. Let o(w) be the first derivative of l(w). Determine o(4).
1
Let c(h) = -2*h + 17. Suppose -12*y = -60 - 24. What is c(y)?
3
Let v(h) = -6*h**2 - 6*h + 9. Let r(o) = -o**2 - o - 1. Let w(d) = -5*r(d) + v(d). Let j(a) = -a**2 + 45*a - 450. Let k be j(15). Calculate w(k).
14
Let w(x) be the first derivative of x**2/2 + 8*x - 1. Suppose 3*o - 3*r + 30 = -6*r, -4*r = 5*o + 48. Give w(o).
0
Let k(n) be the third derivative of -2/3*n**3 - 4*n**2 + 1/10*n**5 + 1/12*n**4 - 1/120*n**6 - 9 + 0*n. Determine k(6).
8
Let k(q) = -2*q**2 + 22*q - 18. Let n be k(10). Let j(c) be the second derivative of 4/3*c**3 - 5*c + c**n + 0 + 1/12*c**4. What is j(-7)?
-5
Let w(n) = 3 - 11*n + 3 - 15*n + 27*n. Let l(g) = g + 6. Let a(q) = -5*l(q) + 4*w(q). Calculate a(-3).
-3
Let l(i) = i - 1. Let h(z) = -3*z. Let c(g) = -h(g) - 6*l(g). Suppose 4*v - 23 = j - 9, 0 = 5*v + j - 22. Calculate c(v).
-6
Let h(l) be the first derivative of l**4/4 - 10*l**3/3 + 6*l**2 - 20*l + 183. What is h(9)?
7
Suppose -10 = 4*x - 2. Let u(b) = 4*b**2 - 5*b - 1. Let r(g) = g**2 - g. Suppose 0*l = l + 5. Let p(q) = l*r(q) + u(q). Give p(x).
-5
Let g(l) be the second derivative of l**5/20 - l**4/6 - l**3/2 - 2*l**2 - 57*l. What is g(3)?
-4
Let x(u) = 37*u - 45. Let k be x(8). Let q(a) = -2*a + k*a**3 + 5 - 3*a**2 - 250*a**3 + 7*a**2. Give q(-5).
-10
Let a(d) = -d**2 + 3*d + 2. Let x be a(3). Let w(j) = 11*j**2 + 3*j + 3. Let y(p) = -2*p**2 - 1. Let c(k) = -w(k) - 5*y(k). Determine c(x).
-8
Let n = -93 + 103. Suppose -2*y + 4 + 14 = m, -m + n = y. Let b(d) = d - 16. Give b(y).
-8
Let y(m) be the first derivative of m**4/4 + 7*m**3/3 + m**2/2 - 7*m - 324. Calculate y(-6).
23
Let n(l) be the second derivative of -44*l + 1/6*l**3 - 4*l**2 + 0. Give n(5).
-3
Let q(d) = -d - 13. Suppose 3*l + 3*t = -30, -66 = 5*l + 3*t - 20. Let n be q(l). Let b(x) = -4*x**2 - 4812*x**3 - 10 + 4*x + 4 + x + 4811*x**3. Calculate b(n).
-6
Suppose r - 8 = -1. Let s(f) = -5*f**3 - 12*f**2 - 2*f + 5. Let i(w) = -6*w**3 - 13*w**2 - 2*w + 5. Let m(z) = r*s(z) - 6*i(z). Calculate m(6).
-7
Suppose 0 = -m - 0*m + 2*x + 7, x + 26 = 5*m. Suppose -m*k + 16 = 1. Let l(v) = -4 - 3*v + k + 0 + 4*v. What is l(1)?
0
Let g(w) be the second derivative of w**6/720 + w**5/30 + 11*w**4/12 + 8*w. Let b(m) be the third derivative of g(m). Let n be (-2)/(-2 + 15/6). Calculate b(n).
0
Let v(b) = 27*b**3 + b - 1. Let k be v(1). Suppose 0*d - 4*d = w - 26, 0 = -5*d + 5. Let a = w - k. Let i(f) = f**2 + 6*f + 2. Calculate i(a).
-3
Let q(k) = -11*k**2 + 7*k**3 + 8*k - 12*k**3 - 8 + 6*k**3 + 4*k**2. Give q(6).
4
Let u(d) = -58*d**3 + 0*d + 6 + 0*d + 55*d**3 - 2*d - 13*d**2. Calculate u(-4).
-2
Let k(s) be the second derivative of s**2 - 28*s + 1/3*s**3 + 0. Calculate k(-3).
-4
Let f(p) be the third derivative of -p**6/120 + p**4/24 - 5*p**3/6 + 35*p**2. Let i be (-2)/3 + (-10)/(-15). What is f(i)?
-5
Suppose -11*d - 43 = 